{"id":1233,"date":"2026-02-28T03:06:57","date_gmt":"2026-02-28T03:06:57","guid":{"rendered":"https:\/\/radcompodcasts.com.br\/?page_id=1233"},"modified":"2026-04-14T00:15:03","modified_gmt":"2026-04-14T00:15:03","slug":"chamadas-programa-fe-e-poder-a-influencia-das-religioes-na-politica","status":"publish","type":"page","link":"https:\/\/radcompodcasts.com.br\/index.php\/chamadas-programa-fe-e-poder-a-influencia-das-religioes-na-politica\/","title":{"rendered":"Chamadas Programa F\u00e9 e poder: a influ\u00eancia das religi\u00f5es na pol\u00edtica"},"content":{"rendered":"<div  class='flex_column av-guldd-a4077e17516f20d368e8babb3d6ec2d5 av_one_full  avia-builder-el-0  avia-builder-el-no-sibling  first flex_column_div  '     ><p>\n<style type=\"text\/css\" data-created_by=\"avia_inline_auto\" id=\"style-css-av-mm5qp66d-9569ef8c285d102feec4a4ea3160bb77\">\n#top .av-special-heading.av-mm5qp66d-9569ef8c285d102feec4a4ea3160bb77{\npadding-bottom:10px;\n}\nbody .av-special-heading.av-mm5qp66d-9569ef8c285d102feec4a4ea3160bb77 .av-special-heading-tag .heading-char{\nfont-size:25px;\n}\n.av-special-heading.av-mm5qp66d-9569ef8c285d102feec4a4ea3160bb77 .av-subheading{\nfont-size:15px;\n}\n<\/style>\n<div  class='av-special-heading av-mm5qp66d-9569ef8c285d102feec4a4ea3160bb77 av-special-heading-h2 blockquote modern-quote  avia-builder-el-1  el_before_av_hr  avia-builder-el-first '><div class='av-subheading av-subheading_above'><p>9a Edi\u00e7\u00e3o do Programa Municipal de Fomento<\/p>\n<\/div><h2 class='av-special-heading-tag'  itemprop=\"headline\"  >Chamadas Programa F\u00e9 e poder: a influ\u00eancia das religi\u00f5es na pol\u00edtica<\/h2><div class=\"special-heading-border\"><div class=\"special-heading-inner-border\"><\/div><\/div><\/div><br \/>\n\n<style type=\"text\/css\" data-created_by=\"avia_inline_auto\" id=\"style-css-av-mmspz19z-be90ea3e9390ca2701ce28f27e7d6ac8\">\n#top .hr.hr-invisible.av-mmspz19z-be90ea3e9390ca2701ce28f27e7d6ac8{\nheight:30px;\n}\n<\/style>\n<div  class='hr av-mmspz19z-be90ea3e9390ca2701ce28f27e7d6ac8 hr-invisible  avia-builder-el-2  el_after_av_heading  el_before_av_player '><span class='hr-inner '><span class=\"hr-inner-style\"><\/span><\/span><\/div><br \/>\n<div id=\"av_player-1\" class=\"av-player av-player-container av-mm5qodaf-c837dedaa05a43f63f37196585c37435 avia-playerstyle-minimal av_player-1  avia-builder-el-3  el_after_av_hr  el_before_av_hr  av-player-hide-playlist first avia-playlist-hide-cover\"><div class=\"av-player-player-container\"><div class=\"wp-playlist wp-audio-playlist wp-playlist-light\">\n\t\t\t<div class=\"wp-playlist-current-item\"><\/div>\n\t\t<audio controls=\"controls\" preload=\"none\" width=\"1478\"\n\t\t\t><\/audio>\n\t<div class=\"wp-playlist-next\"><\/div>\n\t<div class=\"wp-playlist-prev\"><\/div>\n\t<noscript>\n\t<ol>\n\t\t<li><a href='https:\/\/radcompodcasts.com.br\/wp-content\/uploads\/2026\/02\/0-CHAMADA-FE\u0301-E-POLITICA-GERAL.mp3'><img loading=\"lazy\" decoding=\"async\" width=\"80\" height=\"80\" src=\"https:\/\/radcompodcasts.com.br\/wp-content\/uploads\/2026\/04\/0-Chamada-Geral-Fe-e-Poder-80x80.jpg\" class=\"attachment-thumbnail size-thumbnail\" alt=\"\" \/><\/a><\/li>\t<\/ol>\n\t<\/noscript>\n\t<script type=\"application\/json\" class=\"wp-playlist-script\">{\"type\":\"audio\",\"tracklist\":true,\"tracknumbers\":true,\"images\":true,\"artists\":true,\"tracks\":[{\"src\":\"https:\/\/radcompodcasts.com.br\/wp-content\/uploads\/2026\/02\/0-CHAMADA-FE\\u0301-E-POLITICA-GERAL.mp3\",\"type\":\"audio\/mpeg\",\"title\":\"Chamada Geral - F\\u00e9 e poder: a influ\\u00eancia das religi\\u00f5es na pol\\u00edtica\",\"caption\":\"\",\"description\":\"\\\"0-CHAMADA FE\\u0301 E POLITICA - GERAL\\\". G\\u00eanero: Other.\",\"meta\":{\"genre\":\"Other\",\"length_formatted\":\"1:23\"},\"image\":{\"src\":\"https:\/\/radcompodcasts.com.br\/wp-content\/uploads\/2026\/04\/0-Chamada-Geral-Fe-e-Poder.jpg\",\"width\":1080,\"height\":1080},\"thumb\":{\"src\":\"https:\/\/radcompodcasts.com.br\/wp-content\/uploads\/2026\/04\/0-Chamada-Geral-Fe-e-Poder-80x80.jpg\",\"width\":80,\"height\":80}}]}<\/script>\n<\/div>\n\t<\/div><\/div><br \/>\n\n<style type=\"text\/css\" data-created_by=\"avia_inline_auto\" id=\"style-css-av-7uu7ld-63a7d9f3a39299142626c7708471bbe1\">\n#top .hr.hr-invisible.av-7uu7ld-63a7d9f3a39299142626c7708471bbe1{\nheight:30px;\n}\n<\/style>\n<div  class='hr av-7uu7ld-63a7d9f3a39299142626c7708471bbe1 hr-invisible  avia-builder-el-4  el_after_av_player  el_before_av_player '><span class='hr-inner '><span class=\"hr-inner-style\"><\/span><\/span><\/div><br \/>\n<div id=\"av_player-2\" class=\"av-player av-player-container av-mmspyike-dc5055b26a36b832b37dfd67b860a6ed avia-playerstyle-minimal av_player-2  avia-builder-el-5  el_after_av_hr  el_before_av_hr  av-player-hide-playlist avia-playlist-hide-cover\"><div class=\"av-player-player-container\"><div class=\"wp-playlist wp-audio-playlist wp-playlist-light\">\n\t\t\t<div class=\"wp-playlist-current-item\"><\/div>\n\t\t<audio controls=\"controls\" preload=\"none\" width=\"1478\"\n\t\t\t><\/audio>\n\t<div class=\"wp-playlist-next\"><\/div>\n\t<div class=\"wp-playlist-prev\"><\/div>\n\t<noscript>\n\t<ol>\n\t\t<li><a href='https:\/\/radcompodcasts.com.br\/wp-content\/uploads\/2026\/03\/CHAMADA-FE\u0301-E-POLITICA-01.mp3'><img loading=\"lazy\" decoding=\"async\" width=\"80\" height=\"80\" src=\"https:\/\/radcompodcasts.com.br\/wp-content\/uploads\/2026\/04\/1-Programa-1-Fe-e-Poder-80x80.jpg\" class=\"attachment-thumbnail size-thumbnail\" alt=\"\" \/><\/a><\/li>\t<\/ol>\n\t<\/noscript>\n\t<script type=\"application\/json\" class=\"wp-playlist-script\">{\"type\":\"audio\",\"tracklist\":true,\"tracknumbers\":true,\"images\":true,\"artists\":true,\"tracks\":[{\"src\":\"https:\/\/radcompodcasts.com.br\/wp-content\/uploads\/2026\/03\/CHAMADA-FE\\u0301-E-POLITICA-01.mp3\",\"type\":\"audio\/mpeg\",\"title\":\"Chamada Programa 1 - F\\u00e9 e poder: a influ\\u00eancia das religi\\u00f5es na pol\\u00edtica\",\"caption\":\"\",\"description\":\"\\\"CHAMADA FE\\u0301 E POLITICA - 01\\\". G\\u00eanero: Other.\",\"meta\":{\"genre\":\"Other\",\"length_formatted\":\"0:55\"},\"image\":{\"src\":\"https:\/\/radcompodcasts.com.br\/wp-content\/uploads\/2026\/04\/1-Programa-1-Fe-e-Poder.jpg\",\"width\":1080,\"height\":1080},\"thumb\":{\"src\":\"https:\/\/radcompodcasts.com.br\/wp-content\/uploads\/2026\/04\/1-Programa-1-Fe-e-Poder-80x80.jpg\",\"width\":80,\"height\":80}}]}<\/script>\n<\/div>\n\t<\/div><\/div><br \/>\n\n<style type=\"text\/css\" data-created_by=\"avia_inline_auto\" id=\"style-css-av-4t83ep-44ff02131548c34abe1952f5f2f90070\">\n#top .hr.hr-invisible.av-4t83ep-44ff02131548c34abe1952f5f2f90070{\nheight:30px;\n}\n<\/style>\n<div  class='hr av-4t83ep-44ff02131548c34abe1952f5f2f90070 hr-invisible  avia-builder-el-6  el_after_av_player  el_before_av_player '><span class='hr-inner '><span class=\"hr-inner-style\"><\/span><\/span><\/div><br \/>\n<div id=\"av_player-3\" class=\"av-player av-player-container av-mmspy7gp-8feae0c33acfe2f1990eb811999fc94a avia-playerstyle-minimal av_player-3  avia-builder-el-7  el_after_av_hr  el_before_av_hr  av-player-hide-playlist avia-playlist-hide-cover\"><div class=\"av-player-player-container\"><div class=\"wp-playlist wp-audio-playlist wp-playlist-light\">\n\t\t\t<div class=\"wp-playlist-current-item\"><\/div>\n\t\t<audio controls=\"controls\" preload=\"none\" width=\"1478\"\n\t\t\t><\/audio>\n\t<div class=\"wp-playlist-next\"><\/div>\n\t<div class=\"wp-playlist-prev\"><\/div>\n\t<noscript>\n\t<ol>\n\t\t<li><a href='https:\/\/radcompodcasts.com.br\/wp-content\/uploads\/2026\/03\/CHAMADA-FE\u0301-E-POLITICA-02.mp3'><img loading=\"lazy\" decoding=\"async\" width=\"80\" height=\"80\" src=\"https:\/\/radcompodcasts.com.br\/wp-content\/uploads\/2026\/04\/2-Programa-2-Fe-e-Poder-80x80.jpg\" class=\"attachment-thumbnail size-thumbnail\" alt=\"\" \/><\/a><\/li>\t<\/ol>\n\t<\/noscript>\n\t<script type=\"application\/json\" class=\"wp-playlist-script\">{\"type\":\"audio\",\"tracklist\":true,\"tracknumbers\":true,\"images\":true,\"artists\":true,\"tracks\":[{\"src\":\"https:\/\/radcompodcasts.com.br\/wp-content\/uploads\/2026\/03\/CHAMADA-FE\\u0301-E-POLITICA-02.mp3\",\"type\":\"audio\/mpeg\",\"title\":\"Chamada Programa 2 - F\\u00e9 e poder: a influ\\u00eancia das religi\\u00f5es na pol\\u00edtica\",\"caption\":\"\",\"description\":\"\\\"CHAMADA FE\\u0301 E POLITICA - 02\\\". G\\u00eanero: Other.\",\"meta\":{\"genre\":\"Other\",\"length_formatted\":\"0:50\"},\"image\":{\"src\":\"https:\/\/radcompodcasts.com.br\/wp-content\/uploads\/2026\/04\/2-Programa-2-Fe-e-Poder.jpg\",\"width\":1080,\"height\":1080},\"thumb\":{\"src\":\"https:\/\/radcompodcasts.com.br\/wp-content\/uploads\/2026\/04\/2-Programa-2-Fe-e-Poder-80x80.jpg\",\"width\":80,\"height\":80}}]}<\/script>\n<\/div>\n\t<\/div><\/div><br \/>\n\n<style type=\"text\/css\" data-created_by=\"avia_inline_auto\" id=\"style-css-av-46g9ip-64e50c1a6aaf9b6dbb63e723bb7302cc\">\n#top .hr.hr-invisible.av-46g9ip-64e50c1a6aaf9b6dbb63e723bb7302cc{\nheight:30px;\n}\n<\/style>\n<div  class='hr av-46g9ip-64e50c1a6aaf9b6dbb63e723bb7302cc hr-invisible  avia-builder-el-8  el_after_av_player  el_before_av_player '><span class='hr-inner '><span class=\"hr-inner-style\"><\/span><\/span><\/div><br \/>\n<div id=\"av_player-4\" class=\"av-player av-player-container av-mncaat5v-b8e62438f07a7bada11d983dd256ae02 avia-playerstyle-minimal av_player-4  avia-builder-el-9  el_after_av_hr  el_before_av_hr  av-player-hide-playlist avia-playlist-hide-cover\"><div class=\"av-player-player-container\"><div class=\"wp-playlist wp-audio-playlist wp-playlist-light\">\n\t\t\t<div class=\"wp-playlist-current-item\"><\/div>\n\t\t<audio controls=\"controls\" preload=\"none\" width=\"1478\"\n\t\t\t><\/audio>\n\t<div class=\"wp-playlist-next\"><\/div>\n\t<div class=\"wp-playlist-prev\"><\/div>\n\t<noscript>\n\t<ol>\n\t\t<li><a href='https:\/\/radcompodcasts.com.br\/wp-content\/uploads\/2026\/03\/CHAMADA-FE\u0301-E-POLITICA-03.mp3'><img loading=\"lazy\" decoding=\"async\" width=\"80\" height=\"80\" src=\"https:\/\/radcompodcasts.com.br\/wp-content\/uploads\/2026\/03\/3-Programa-3-Fe-e-Poder-80x80.jpg\" class=\"attachment-thumbnail size-thumbnail\" alt=\"\" \/><\/a><\/li>\t<\/ol>\n\t<\/noscript>\n\t<script type=\"application\/json\" class=\"wp-playlist-script\">{\"type\":\"audio\",\"tracklist\":true,\"tracknumbers\":true,\"images\":true,\"artists\":true,\"tracks\":[{\"src\":\"https:\/\/radcompodcasts.com.br\/wp-content\/uploads\/2026\/03\/CHAMADA-FE\\u0301-E-POLITICA-03.mp3\",\"type\":\"audio\/mpeg\",\"title\":\"Chamada Programa 3 - F\\u00e9 e poder: a influ\\u00eancia das religi\\u00f5es na pol\\u00edtica\",\"caption\":\"\",\"description\":\"\\\"CHAMADA FE\\u0301 E POLITICA - 03\\\". G\\u00eanero: Other.\",\"meta\":{\"genre\":\"Other\",\"length_formatted\":\"0:52\"},\"image\":{\"src\":\"https:\/\/radcompodcasts.com.br\/wp-content\/uploads\/2026\/03\/3-Programa-3-Fe-e-Poder-80x80.jpg\",\"width\":48,\"height\":64},\"thumb\":{\"src\":\"https:\/\/radcompodcasts.com.br\/wp-content\/uploads\/2026\/03\/3-Programa-3-Fe-e-Poder-80x80.jpg\",\"width\":48,\"height\":64}}]}<\/script>\n<\/div>\n\t<\/div><\/div><br \/>\n\n<style type=\"text\/css\" data-created_by=\"avia_inline_auto\" id=\"style-css-av-6ckz8h-8b720b8ededd5cb1b943642f2b2e39e8\">\n#top .hr.hr-invisible.av-6ckz8h-8b720b8ededd5cb1b943642f2b2e39e8{\nheight:30px;\n}\n<\/style>\n<div  class='hr av-6ckz8h-8b720b8ededd5cb1b943642f2b2e39e8 hr-invisible  avia-builder-el-10  el_after_av_player  el_before_av_player '><span class='hr-inner '><span class=\"hr-inner-style\"><\/span><\/span><\/div><br \/>\n<div id=\"av_player-5\" class=\"av-player av-player-container av-4bk5w1-d6c08274d4921a36427888ef69be0b10 avia-playerstyle-minimal av_player-5  avia-builder-el-11  el_after_av_hr  el_before_av_hr  av-player-hide-playlist avia-playlist-hide-cover\"><div class=\"av-player-player-container\"><div class=\"wp-playlist wp-audio-playlist wp-playlist-light\">\n\t\t\t<div class=\"wp-playlist-current-item\"><\/div>\n\t\t<audio controls=\"controls\" preload=\"none\" width=\"1478\"\n\t\t\t><\/audio>\n\t<div class=\"wp-playlist-next\"><\/div>\n\t<div class=\"wp-playlist-prev\"><\/div>\n\t<noscript>\n\t<ol>\n\t\t<li><a href='https:\/\/radcompodcasts.com.br\/wp-content\/uploads\/2026\/04\/CHAMADA-FE\u0301-E-POLITICA-04.mp3'><img loading=\"lazy\" decoding=\"async\" width=\"80\" height=\"80\" src=\"https:\/\/radcompodcasts.com.br\/wp-content\/uploads\/2026\/04\/4-Programa-4-Fe-e-Poder-80x80.jpg\" class=\"attachment-thumbnail size-thumbnail\" alt=\"\" \/><\/a><\/li>\t<\/ol>\n\t<\/noscript>\n\t<script type=\"application\/json\" class=\"wp-playlist-script\">{\"type\":\"audio\",\"tracklist\":true,\"tracknumbers\":true,\"images\":true,\"artists\":true,\"tracks\":[{\"src\":\"https:\/\/radcompodcasts.com.br\/wp-content\/uploads\/2026\/04\/CHAMADA-FE\\u0301-E-POLITICA-04.mp3\",\"type\":\"audio\/mpeg\",\"title\":\"Chamada Programa 4 - F\\u00e9 e poder: a influ\\u00eancia das religi\\u00f5es na pol\\u00edtica\",\"caption\":\"\",\"description\":\"\\\"CHAMADA FE\\u0301 E POLITICA - 04\\\". G\\u00eanero: Other.\",\"meta\":{\"genre\":\"Other\",\"length_formatted\":\"0:59\"},\"image\":{\"src\":\"https:\/\/radcompodcasts.com.br\/wp-content\/uploads\/2026\/04\/4-Programa-4-Fe-e-Poder-80x80.jpg\",\"width\":48,\"height\":64},\"thumb\":{\"src\":\"https:\/\/radcompodcasts.com.br\/wp-content\/uploads\/2026\/04\/4-Programa-4-Fe-e-Poder-80x80.jpg\",\"width\":48,\"height\":64}}]}<\/script>\n<\/div>\n\t<\/div><\/div><br \/>\n\n<style type=\"text\/css\" data-created_by=\"avia_inline_auto\" id=\"style-css-av-57kusx-a52daceea9b0348a0d74c51d849653c5\">\n#top .hr.hr-invisible.av-57kusx-a52daceea9b0348a0d74c51d849653c5{\nheight:30px;\n}\n<\/style>\n<div  class='hr av-57kusx-a52daceea9b0348a0d74c51d849653c5 hr-invisible  avia-builder-el-12  el_after_av_player  el_before_av_player '><span class='hr-inner '><span class=\"hr-inner-style\"><\/span><\/span><\/div><br \/>\n<div id=\"av_player-6\" class=\"av-player av-player-container av-mnxvbuja-7e40bfdcb2183e0983dfc7b0cdd71d6c avia-playerstyle-minimal av_player-6  avia-builder-el-13  el_after_av_hr  el_before_av_hr  av-player-hide-playlist avia-playlist-hide-cover\"><div class=\"av-player-player-container\"><div class=\"wp-playlist wp-audio-playlist wp-playlist-light\">\n\t\t\t<div class=\"wp-playlist-current-item\"><\/div>\n\t\t<audio controls=\"controls\" preload=\"none\" width=\"1478\"\n\t\t\t><\/audio>\n\t<div class=\"wp-playlist-next\"><\/div>\n\t<div class=\"wp-playlist-prev\"><\/div>\n\t<noscript>\n\t<ol>\n\t\t<li><a href='https:\/\/radcompodcasts.com.br\/wp-content\/uploads\/2026\/04\/CHAMADA-FE\u0301-E-POLITICA-05.mp3'><img loading=\"lazy\" decoding=\"async\" width=\"80\" height=\"80\" src=\"https:\/\/radcompodcasts.com.br\/wp-content\/uploads\/2026\/04\/5-Programa-5-Fe-e-Poder-80x80.jpg\" class=\"attachment-thumbnail size-thumbnail\" alt=\"\" \/><\/a><\/li>\t<\/ol>\n\t<\/noscript>\n\t<script type=\"application\/json\" class=\"wp-playlist-script\">{\"type\":\"audio\",\"tracklist\":true,\"tracknumbers\":true,\"images\":true,\"artists\":true,\"tracks\":[{\"src\":\"https:\/\/radcompodcasts.com.br\/wp-content\/uploads\/2026\/04\/CHAMADA-FE\\u0301-E-POLITICA-05.mp3\",\"type\":\"audio\/mpeg\",\"title\":\"Chamada Programa 5 - F\\u00e9 e poder: a influ\\u00eancia das religi\\u00f5es na pol\\u00edtica\",\"caption\":\"\",\"description\":\"\\\"CHAMADA FE\\u0301 E POLITICA - 05\\\". G\\u00eanero: Other.\",\"meta\":{\"genre\":\"Other\",\"length_formatted\":\"0:49\"},\"image\":{\"src\":\"https:\/\/radcompodcasts.com.br\/wp-content\/uploads\/2026\/04\/5-Programa-5-Fe-e-Poder-80x80.jpg\",\"width\":48,\"height\":64},\"thumb\":{\"src\":\"https:\/\/radcompodcasts.com.br\/wp-content\/uploads\/2026\/04\/5-Programa-5-Fe-e-Poder-80x80.jpg\",\"width\":48,\"height\":64}}]}<\/script>\n<\/div>\n\t<\/div><\/div><br \/>\n\n<style type=\"text\/css\" data-created_by=\"avia_inline_auto\" id=\"style-css-av-9m6dd-6e34e13f10638aea32c652c902f2d17e\">\n#top .hr.hr-invisible.av-9m6dd-6e34e13f10638aea32c652c902f2d17e{\nheight:30px;\n}\n<\/style>\n<div  class='hr av-9m6dd-6e34e13f10638aea32c652c902f2d17e hr-invisible  avia-builder-el-14  el_after_av_player  el_before_av_player '><span class='hr-inner '><span class=\"hr-inner-style\"><\/span><\/span><\/div><br \/>\n<div id=\"av_player-7\" class=\"av-player av-player-container av-mnxvdsw0-2b83021963e82a2082751e9ac0f73ce8 avia-playerstyle-minimal av_player-7  avia-builder-el-15  el_after_av_hr  avia-builder-el-last  av-player-hide-playlist avia-playlist-hide-cover\"><div class=\"av-player-player-container\"><div class=\"wp-playlist wp-audio-playlist wp-playlist-light\">\n\t\t\t<div class=\"wp-playlist-current-item\"><\/div>\n\t\t<audio controls=\"controls\" preload=\"none\" width=\"1478\"\n\t\t\t><\/audio>\n\t<div class=\"wp-playlist-next\"><\/div>\n\t<div class=\"wp-playlist-prev\"><\/div>\n\t<noscript>\n\t<ol>\n\t\t<li><a href='https:\/\/radcompodcasts.com.br\/wp-content\/uploads\/2026\/04\/CHAMADA-FE\u0301-E-POLITICA-06.mp3'><img loading=\"lazy\" decoding=\"async\" width=\"80\" height=\"80\" src=\"https:\/\/radcompodcasts.com.br\/wp-content\/uploads\/2026\/04\/6-Programa-6-Fe-e-Poder-80x80.jpg\" class=\"attachment-thumbnail size-thumbnail\" alt=\"\" \/><\/a><\/li>\t<\/ol>\n\t<\/noscript>\n\t<script type=\"application\/json\" class=\"wp-playlist-script\">{\"type\":\"audio\",\"tracklist\":true,\"tracknumbers\":true,\"images\":true,\"artists\":true,\"tracks\":[{\"src\":\"https:\/\/radcompodcasts.com.br\/wp-content\/uploads\/2026\/04\/CHAMADA-FE\\u0301-E-POLITICA-06.mp3\",\"type\":\"audio\/mpeg\",\"title\":\"Chamada Programa 6 - F\\u00e9 e poder: a influ\\u00eancia das religi\\u00f5es na pol\\u00edtica\",\"caption\":\"\",\"description\":\"\\\"CHAMADA FE\\u0301 E POLITICA - 06\\\". G\\u00eanero: Other.\",\"meta\":{\"genre\":\"Other\",\"length_formatted\":\"1:02\"},\"image\":{\"src\":\"https:\/\/radcompodcasts.com.br\/wp-content\/uploads\/2026\/04\/6-Programa-6-Fe-e-Poder-80x80.jpg\",\"width\":48,\"height\":64},\"thumb\":{\"src\":\"https:\/\/radcompodcasts.com.br\/wp-content\/uploads\/2026\/04\/6-Programa-6-Fe-e-Poder-80x80.jpg\",\"width\":48,\"height\":64}}]}<\/script>\n<\/div>\n\t<\/div><\/div><\/p><\/div>\n","protected":false},"excerpt":{"rendered":"","protected":false},"author":1,"featured_media":0,"parent":0,"menu_order":0,"comment_status":"closed","ping_status":"closed","template":"","meta":{"footnotes":""},"class_list":["post-1233","page","type-page","status-publish","hentry"],"_links":{"self":[{"href":"https:\/\/radcompodcasts.com.br\/index.php\/wp-json\/wp\/v2\/pages\/1233","targetHints":{"allow":["GET"]}}],"collection":[{"href":"https:\/\/radcompodcasts.com.br\/index.php\/wp-json\/wp\/v2\/pages"}],"about":[{"href":"https:\/\/radcompodcasts.com.br\/index.php\/wp-json\/wp\/v2\/types\/page"}],"author":[{"embeddable":true,"href":"https:\/\/radcompodcasts.com.br\/index.php\/wp-json\/wp\/v2\/users\/1"}],"replies":[{"embeddable":true,"href":"https:\/\/radcompodcasts.com.br\/index.php\/wp-json\/wp\/v2\/comments?post=1233"}],"version-history":[{"count":8,"href":"https:\/\/radcompodcasts.com.br\/index.php\/wp-json\/wp\/v2\/pages\/1233\/revisions"}],"predecessor-version":[{"id":2097,"href":"https:\/\/radcompodcasts.com.br\/index.php\/wp-json\/wp\/v2\/pages\/1233\/revisions\/2097"}],"wp:attachment":[{"href":"https:\/\/radcompodcasts.com.br\/index.php\/wp-json\/wp\/v2\/media?parent=1233"}],"curies":[{"name":"wp","href":"https:\/\/api.w.org\/{rel}","templated":true}]}}