{"id":1720,"date":"2026-03-16T18:29:52","date_gmt":"2026-03-16T18:29:52","guid":{"rendered":"https:\/\/radcompodcasts.com.br\/?page_id=1720"},"modified":"2026-04-14T03:21:16","modified_gmt":"2026-04-14T03:21:16","slug":"programa-para-sempre-cartola-radio-itaquera-9-edital","status":"publish","type":"page","link":"https:\/\/radcompodcasts.com.br\/index.php\/programa-para-sempre-cartola-radio-itaquera-9-edital\/","title":{"rendered":"Programa Para Sempre Cartola &#8211; R\u00e1dio Itaquera &#8211; 9 Edital"},"content":{"rendered":"<div  class='flex_column av-2yk76g-0c796d95820ba25ac39f2521bc433328 av_one_full  avia-builder-el-0  avia-builder-el-no-sibling  first flex_column_div  '     ><p>\n<style type=\"text\/css\" data-created_by=\"avia_inline_auto\" id=\"style-css-av-mmtilqel-18663adc5f72b2fc7c8e5a2d21dec70f\">\n#top .av-special-heading.av-mmtilqel-18663adc5f72b2fc7c8e5a2d21dec70f{\npadding-bottom:10px;\n}\nbody .av-special-heading.av-mmtilqel-18663adc5f72b2fc7c8e5a2d21dec70f .av-special-heading-tag .heading-char{\nfont-size:25px;\n}\n.av-special-heading.av-mmtilqel-18663adc5f72b2fc7c8e5a2d21dec70f .av-subheading{\nfont-size:15px;\n}\n<\/style>\n<div  class='av-special-heading av-mmtilqel-18663adc5f72b2fc7c8e5a2d21dec70f av-special-heading-h2 blockquote modern-quote  avia-builder-el-1  el_before_av_codeblock  avia-builder-el-first '><div class='av-subheading av-subheading_above'><p>9a Edi\u00e7\u00e3o do Programa Municipal de Fomento ao Servi\u00e7o de Radiodifus\u00e3o Comunit\u00e1ria<\/p>\n<\/div><h2 class='av-special-heading-tag'  itemprop=\"headline\"  >Programa Para Sempre Cartola<\/h2><div class=\"special-heading-border\"><div class=\"special-heading-inner-border\"><\/div><\/div><\/div><br \/>\n<\/p><\/div>\n","protected":false},"excerpt":{"rendered":"","protected":false},"author":1,"featured_media":0,"parent":0,"menu_order":0,"comment_status":"closed","ping_status":"closed","template":"","meta":{"footnotes":""},"class_list":["post-1720","page","type-page","status-publish","hentry"],"_links":{"self":[{"href":"https:\/\/radcompodcasts.com.br\/index.php\/wp-json\/wp\/v2\/pages\/1720","targetHints":{"allow":["GET"]}}],"collection":[{"href":"https:\/\/radcompodcasts.com.br\/index.php\/wp-json\/wp\/v2\/pages"}],"about":[{"href":"https:\/\/radcompodcasts.com.br\/index.php\/wp-json\/wp\/v2\/types\/page"}],"author":[{"embeddable":true,"href":"https:\/\/radcompodcasts.com.br\/index.php\/wp-json\/wp\/v2\/users\/1"}],"replies":[{"embeddable":true,"href":"https:\/\/radcompodcasts.com.br\/index.php\/wp-json\/wp\/v2\/comments?post=1720"}],"version-history":[{"count":8,"href":"https:\/\/radcompodcasts.com.br\/index.php\/wp-json\/wp\/v2\/pages\/1720\/revisions"}],"predecessor-version":[{"id":2210,"href":"https:\/\/radcompodcasts.com.br\/index.php\/wp-json\/wp\/v2\/pages\/1720\/revisions\/2210"}],"wp:attachment":[{"href":"https:\/\/radcompodcasts.com.br\/index.php\/wp-json\/wp\/v2\/media?parent=1720"}],"curies":[{"name":"wp","href":"https:\/\/api.w.org\/{rel}","templated":true}]}}