{"id":340,"date":"2025-11-26T01:55:50","date_gmt":"2025-11-26T01:55:50","guid":{"rendered":"https:\/\/radcompodcasts.com.br\/?page_id=340"},"modified":"2025-11-26T02:00:28","modified_gmt":"2025-11-26T02:00:28","slug":"proac-2024-os-mestres-negros-da-musica-brasileiraradio-paz-sao-paulo","status":"publish","type":"page","link":"https:\/\/radcompodcasts.com.br\/index.php\/proac-2024-os-mestres-negros-da-musica-brasileiraradio-paz-sao-paulo\/","title":{"rendered":"PROAC 2024 &#8211; Os Mestres Negros da M\u00fasica Brasileira R\u00e1dio &#8211; Paz &#8211; S\u00e3o Paulo"},"content":{"rendered":"<div  class='flex_column av-av_one_full-dfffed1c4949eead95ef84c3cc332849 av_one_full  avia-builder-el-0  avia-builder-el-no-sibling  first flex_column_div  '     ><p>\n<style type=\"text\/css\" data-created_by=\"avia_inline_auto\" id=\"style-css-av-mifcrgjc-c2300103e64178d126d373735bc2e83d\">\n#top .av-special-heading.av-mifcrgjc-c2300103e64178d126d373735bc2e83d{\npadding-bottom:10px;\n}\nbody .av-special-heading.av-mifcrgjc-c2300103e64178d126d373735bc2e83d .av-special-heading-tag .heading-char{\nfont-size:25px;\n}\n.av-special-heading.av-mifcrgjc-c2300103e64178d126d373735bc2e83d .av-subheading{\nfont-size:15px;\n}\n<\/style>\n<div  class='av-special-heading av-mifcrgjc-c2300103e64178d126d373735bc2e83d av-special-heading-h2 blockquote modern-quote  avia-builder-el-1  el_before_av_codeblock  avia-builder-el-first '><div class='av-subheading av-subheading_above'><p>PROAC<\/p>\n<\/div><h2 class='av-special-heading-tag'  itemprop=\"headline\"  >Os Mestres Negros da M\u00fasica Brasileira<\/h2><div class=\"special-heading-border\"><div class=\"special-heading-inner-border\"><\/div><\/div><\/div><br \/>\n<\/p><\/div>\n","protected":false},"excerpt":{"rendered":"","protected":false},"author":1,"featured_media":0,"parent":0,"menu_order":0,"comment_status":"closed","ping_status":"closed","template":"","meta":{"footnotes":""},"class_list":["post-340","page","type-page","status-publish","hentry"],"_links":{"self":[{"href":"https:\/\/radcompodcasts.com.br\/index.php\/wp-json\/wp\/v2\/pages\/340","targetHints":{"allow":["GET"]}}],"collection":[{"href":"https:\/\/radcompodcasts.com.br\/index.php\/wp-json\/wp\/v2\/pages"}],"about":[{"href":"https:\/\/radcompodcasts.com.br\/index.php\/wp-json\/wp\/v2\/types\/page"}],"author":[{"embeddable":true,"href":"https:\/\/radcompodcasts.com.br\/index.php\/wp-json\/wp\/v2\/users\/1"}],"replies":[{"embeddable":true,"href":"https:\/\/radcompodcasts.com.br\/index.php\/wp-json\/wp\/v2\/comments?post=340"}],"version-history":[{"count":3,"href":"https:\/\/radcompodcasts.com.br\/index.php\/wp-json\/wp\/v2\/pages\/340\/revisions"}],"predecessor-version":[{"id":343,"href":"https:\/\/radcompodcasts.com.br\/index.php\/wp-json\/wp\/v2\/pages\/340\/revisions\/343"}],"wp:attachment":[{"href":"https:\/\/radcompodcasts.com.br\/index.php\/wp-json\/wp\/v2\/media?parent=340"}],"curies":[{"name":"wp","href":"https:\/\/api.w.org\/{rel}","templated":true}]}}