{"id":611,"date":"2025-12-05T02:41:39","date_gmt":"2025-12-05T02:41:39","guid":{"rendered":"https:\/\/radcompodcasts.com.br\/?page_id=611"},"modified":"2025-12-05T03:07:53","modified_gmt":"2025-12-05T03:07:53","slug":"proac-2024-ceramica-porto-ferreira-tradicao-e-arte-comunidade-porto-ferreira","status":"publish","type":"page","link":"https:\/\/radcompodcasts.com.br\/index.php\/proac-2024-ceramica-porto-ferreira-tradicao-e-arte-comunidade-porto-ferreira\/","title":{"rendered":"PROAC 2024 &#8211; Cer\u00e2mica Porto Ferreira &#8211; Tradi\u00e7\u00e3o e Arte &#8211; Comunidade &#8211; Porto Ferreira"},"content":{"rendered":"<div  class='flex_column av-av_one_full-dfffed1c4949eead95ef84c3cc332849 av_one_full  avia-builder-el-0  avia-builder-el-no-sibling  first flex_column_div  '     ><p>\n<style type=\"text\/css\" data-created_by=\"avia_inline_auto\" id=\"style-css-av-mis9dfrt-512033f8e58c99de8099564a1b3da2b5\">\n#top .av-special-heading.av-mis9dfrt-512033f8e58c99de8099564a1b3da2b5{\npadding-bottom:10px;\n}\nbody .av-special-heading.av-mis9dfrt-512033f8e58c99de8099564a1b3da2b5 .av-special-heading-tag .heading-char{\nfont-size:25px;\n}\n.av-special-heading.av-mis9dfrt-512033f8e58c99de8099564a1b3da2b5 .av-subheading{\nfont-size:15px;\n}\n<\/style>\n<div  class='av-special-heading av-mis9dfrt-512033f8e58c99de8099564a1b3da2b5 av-special-heading-h2 blockquote modern-quote  avia-builder-el-1  el_before_av_codeblock  avia-builder-el-first '><div class='av-subheading av-subheading_above'><p>PROAC<\/p>\n<\/div><h2 class='av-special-heading-tag'  itemprop=\"headline\"  >Cer\u00e2mica Porto Ferreira &#8211; Tradi\u00e7\u00e3o e Arte<\/h2><div class=\"special-heading-border\"><div class=\"special-heading-inner-border\"><\/div><\/div><\/div><br \/>\n<\/p><\/div>\n","protected":false},"excerpt":{"rendered":"","protected":false},"author":1,"featured_media":0,"parent":0,"menu_order":0,"comment_status":"closed","ping_status":"closed","template":"","meta":{"footnotes":""},"class_list":["post-611","page","type-page","status-publish","hentry"],"_links":{"self":[{"href":"https:\/\/radcompodcasts.com.br\/index.php\/wp-json\/wp\/v2\/pages\/611","targetHints":{"allow":["GET"]}}],"collection":[{"href":"https:\/\/radcompodcasts.com.br\/index.php\/wp-json\/wp\/v2\/pages"}],"about":[{"href":"https:\/\/radcompodcasts.com.br\/index.php\/wp-json\/wp\/v2\/types\/page"}],"author":[{"embeddable":true,"href":"https:\/\/radcompodcasts.com.br\/index.php\/wp-json\/wp\/v2\/users\/1"}],"replies":[{"embeddable":true,"href":"https:\/\/radcompodcasts.com.br\/index.php\/wp-json\/wp\/v2\/comments?post=611"}],"version-history":[{"count":2,"href":"https:\/\/radcompodcasts.com.br\/index.php\/wp-json\/wp\/v2\/pages\/611\/revisions"}],"predecessor-version":[{"id":637,"href":"https:\/\/radcompodcasts.com.br\/index.php\/wp-json\/wp\/v2\/pages\/611\/revisions\/637"}],"wp:attachment":[{"href":"https:\/\/radcompodcasts.com.br\/index.php\/wp-json\/wp\/v2\/media?parent=611"}],"curies":[{"name":"wp","href":"https:\/\/api.w.org\/{rel}","templated":true}]}}